factors of 174/15 - 4/i?
2, 3
Let v(m) = 8*m**3 + 2*m**2 - 2*m + 1. List the prime factors of v(2).
3, 23
Suppose 2*c - 56 = -2*b, -4*c = -3*b - 56 - 56. Let p = c - 12. What are the prime factors of p?
2
Suppose -j - 3 + 7 = 0. Suppose x = 4*q - x - 22, 5*x = -j*q + 15. Suppose q*t + g + 3*g - 38 = 0, 0 = 4*t + 5*g - 25. List the prime factors of t.
2, 5
Let q(t) = 28*t**2 + 2*t + 2. List the prime factors of q(-1).
2, 7
Suppose -12 = -4*j + 4. Suppose 0 = j*q - 0*q - 80. List the prime factors of q.
2, 5
Let r = -26 - -44. What are the prime factors of r?
2, 3
Let p be 0 - -1 - (4 + -6). Let u(z) = z**2 + 3*z + 2. Let c be u(-6). Suppose -4*g = -p*m - c, 0*m = 3*g + 3*m + 6. What are the prime factors of g?
2
Let x(s) = -s**3 - 6*s**2 + 2*s - 5. Let a be x(-6). Let v = -31 - a. Let d = v + 23. What are the prime factors of d?
3
Suppose 7 - 307 = -5*a. What are the prime factors of a?
2, 3, 5
Let u(g) = -3*g - 6. Let n(q) = 10*q + 19. Let s(l) = -2*n(l) - 7*u(l). Let z be s(0). Suppose -z*m + 11 = 3. List the prime factors of m.
2
Suppose 0 = 4*u - c + 2*c - 291, 5*u = -2*c + 363. Suppose 0 = -0*g - g - s - 5, 5*s = g - 25. Suppose 4*a - 3 - u = g. What are the prime factors of a?
19
Suppose 0 = m - 4*m + 36. Suppose 0*v + m = 2*v. What are the prime factors of 2/v - (-152)/12?
13
Let k(h) = -413*h**3 - h**2 + 3*h + 3. List the prime factors of k(-1).
2, 103
Let o be (54/4)/((-3)/(-6)). Suppose -4*a = -a + o. Let t = a + 17. What are the prime factors of t?
2
Let g(m) = m**3 - 11*m**2 + 12*m - 12. Let x be g(10). Suppose x*q = 3*q + 195. What are the prime factors of q?
3, 13
Suppose 4*i - 101 = -5*a, 2*a - 4*i - 22 = 24. List the prime factors of a.
3, 7
What are the prime factors of (-2 + 6)*(-5)/20*-14?
2, 7
Let m(q) = -q**3 + 9*q**2 + 3*q - 15. What are the prime factors of m(9)?
2, 3
Let m(g) = -g**2 + 5*g - 2. Suppose 0 = -k + 2 + 1. Let c = 5 - k. What are the prime factors of m(c)?
2
Let n(v) = -5*v + 5. Suppose -40 = -4*z + 4*t, 0*t + t = -4. Let o be n(z). Let c = o + 35. List the prime factors of c.
2, 5
Let m(r) = -5*r. Let j be m(-1). Suppose j*z - 2*z + 4*n = 63, z + 2*n = 23. List the prime factors of z.
17
Suppose 8*n = 3*n + 85. What are the prime factors of n?
17
Suppose 0 = s - 2*s - 5*a + 25, -2*s - 2 = -3*a. Let o(x) = x**2 - 2*x + 1. What are the prime factors of o(s)?
2
Let j = 8 + -23. Let i = -10 - j. What are the prime factors of i?
5
Suppose -2 = 2*p + x - 90, -5*x + 146 = 3*p. List the prime factors of p.
2, 3, 7
Let q(p) = -p + 5*p**2 + p. Let j = 4 + -5. What are the prime factors of q(j)?
5
Suppose v = 3 - 1. Suppose z + 3 = 1, 0 = v*q - 4*z - 8. Suppose 4*h - 28 = -2*f, q = f + 2*h + 3*h - 23. What are the prime factors of f?
2
List the prime factors of (-438)/(-14) + (-32)/112.
31
Let d be 132/9 - 6/9. Let z = 5 - 10. Let y = z + d. List the prime factors of y.
3
Suppose -3*o - 2*f + 38 = -7*o, 2*o - 3*f + 21 = 0. What are the prime factors of (-3)/(-2)*(-12)/o?
2
Let x = 283 + -192. List the prime factors of x.
7, 13
Let b(o) = -o**2 + o. Let u(x) = -5*x**2 + 8*x - 1. Let n(l) = -6*b(l) + u(l). List the prime factors of n(-3).
2
Let s(d) = -d**3 - 8*d**2 + 10*d + 13. Let v be s(-9). Let j = v + -4. Suppose j = o - 4 + 2. What are the prime factors of o?
2
Suppose o - 5*k = 5*o - 126, 4*k + 108 = 4*o. What are the prime factors of o?
29
Suppose -4*j - 3*w = -8*w - 49, -2*j = -2*w - 22. Suppose 5*d = 2*d + j. List the prime factors of d.
2
Let g = -30 + 25. Let s(r) = r + 1. Let q(b) = -3*b - 7. Let i(u) = -q(u) - 4*s(u). What are the prime factors of i(g)?
2
Let u = -5 + 4. Let x be (-2 + (-6)/(-2))/u. What are the prime factors of (-30)/(-2) - x/(-1)?
2, 7
Suppose 0 = -2*r + 5*r + 12. Let w be -16*r/((-48)/(-9)). Suppose -16 = -3*o + 5*p, o = -4*p + 9*p + w. What are the prime factors of o?
2
Let g = 26 - 21. Suppose 2*i + 3*i - 225 = -5*j, g*j = -3*i + 221. What are the prime factors of j?
43
Suppose 46 + 46 = 4*n. List the prime factors of n.
23
Let q(w) = -w - 10. Let d(y) = 5*y**3 + y**2 - 1. Let j be d(-1). Let t be q(j). List the prime factors of 56/6 - t/(-15).
3
Let x(i) = 3*i - 3. Let n be x(-3). Let m = 0 - n. List the prime factors of m.
2, 3
Suppose x - 137 = -3*a, -x - 2*x + 5*a + 341 = 0. What are the prime factors of x?
2, 61
Let m(y) = y**2 - y + 1. Let j be m(1). Suppose t - 4 = -h + j, -h + 11 = 3*t. Suppose -h*z = -1 - 5. What are the prime factors of z?
3
Suppose -3*q = -95 - 112. List the prime factors of q.
3, 23
Let k be 1*9*(-5)/(-15). Let x(o) = 9*o - 1. Let t be x(k). Let g = t - 15. List the prime factors of g.
11
Let u(h) = 15*h - 2. List the prime factors of u(3).
43
Suppose 4*m = 23 - 7. Suppose m*r - 55 = -r. What are the prime factors of r?
11
Let b(p) = 4*p**2 + p - 17. What are the prime factors of b(-5)?
2, 3, 13
Let l be (-4)/(2/9*3). Suppose 4*p - 68 + 17 = -k, 3*k + 71 = 4*p. What are the prime factors of (-1)/3 - p/l?
2
List the prime factors of 4/30 - (-1333)/15.
89
Suppose -2*j + 5 = 1. Let y = j - -5. List the prime factors of y.
7
Let d = 2 - 3. Let b = 3 - d. What are the prime factors of (-50)/(-4) + (-2)/b?
2, 3
Suppose -4*d = 2*b + 32, d = -2*b + 6*d - 59. Let h be 4/(-4) + (39 - 1). Let c = b + h. List the prime factors of c.
3, 5
Let r(n) be the third derivative of -13*n**4/24 - 5*n**3/6 + 2*n**2. List the prime factors of r(-3).
2, 17
Let c(o) = o**3 + 8*o**2 + 2*o + 3. Let w(n) = 3*n**3 + 25*n**2 + 6*n + 9. Let v(s) = -7*c(s) + 2*w(s). List the prime factors of v(-6).
3
Let o = -11 - -15. Suppose -15 - 9 = -o*v. What are the prime factors of v?
2, 3
Let o(t) = t**2 + 2*t - 3. What are the prime factors of o(2)?
5
Let t(g) = 0 - 10*g**2 + 8 - 4*g + 14*g + 0 + g**3. What are the prime factors of t(9)?
17
Suppose -5*r + 2 = -3. Suppose -d + r = 6, -5*q = 2*d + 135. List the prime factors of (14/(-10) + 1)*q.
2, 5
Suppose 2*h = -0*h + 66. Suppose -5*b = u - 0*b + 9, 0 = -5*u + b + h. Suppose -u = -3*w, 0*d - w = 2*d - 28. What are the prime factors of d?
13
Suppose 430 = -16*h + 21*h. What are the prime factors of h?
2, 43
Suppose 0 - 50 = -2*r. Suppose h = 4*k - r, -5*h - 5 = 3*k + 5. Suppose -2*u - 5*q = -0*u - 19, k*u + 3*q - 38 = 0. List the prime factors of u.
7
Suppose 42 = 2*c - 0*c. Let o = c + 28. List the prime factors of o.
7
What are the prime factors of 46/299 + 531/13?
41
Let o be (342/(-4))/(2/8). What are the prime factors of 6/(-8) - o/8?
2, 3, 7
Let a = 5 + -7. Suppose 2*g - 5*l + 74 = 0, 5*l - 4*l = 2*g + 58. List the prime factors of (-1 + g)*a/4.
2, 7
Let w(i) = 4*i - 2*i + 4*i - 8*i**3 - 5*i. List the prime factors of w(-1).
7
Let b = -224 - -134. Let m = -54 - b. List the prime factors of m.
2, 3
Let h = -17 + -17. Let z be 1*h/(-2 - 0). Suppose -3*y = 4*f - 34, 0*f - 5*y = f - z. What are the prime factors of f?
7
Let u(y) = -y**2 - 8*y + 6. Let g be u(-8). Let j = 11 - g. Suppose -j*r + 4*h + 1 = -40, 2*r - 4*h - 14 = 0. List the prime factors of r.
3
Let m(p) = -18*p - 2. What are the prime factors of m(-3)?
2, 13
Suppose -131 = -5*k - 2*m, -2*k + 3*m = -0*k - 41. Suppose 5*x + k = 2*t, 0*x = -2*t - 4*x + 16. What are the prime factors of t?
2, 5
Let o(m) = -m + 1. Let g be o(-7). Suppose 2*u = 6*u + g, -3*n + 4*u + 98 = 0. What are the prime factors of n?
2, 3, 5
Let q be 38/8 - 3/(-12). Let h = q + -1. List the prime factors of h.
2
Suppose -2*h = -154 + 46. Suppose w - h = -6*m + 2*m, -3*m = w - 41. What are the prime factors of m?
13
Let s = -4 - -4. Let v(n) = 3*n. Let k be v(5). Suppose -5*u = -2*g + 4, s*g - 4*u = g - k. List the prime factors of g.
7
Let r(q) = q**3 + 5*q**2 - 6*q + 8. Let j be r(-6). Let b = j - 3. Suppose -22 = -b*a + 28. List the prime factors of a.
2, 5
Let d = 2 + -9. Let u = -16 + 18. Let p = u - d. What are the prime factors of p?
3
Let x be ((-7)/7)/(2/(-4)). Suppose 5*l - 66 = x*l. List the prime factors of l.
2, 11
Let o(j) = -2*j**2 + 29*j - 20. Let l(g) = -g**2 + 15*g - 10. Let n(t) = 5*l(t) - 3*o(t). List the prime factors of n(13).
23
Let a(v) = -5*v + 43. List the prime factors of a(-9).
2, 11
Let x(k) = k**3 - 7*k**2 + 6*k - 3. Let t be x(6). What are the prime factors of (200/(-12))/(2/t)?
5
Let c = 11 - 6. Suppose 0 = c*s - 68 - 152. List the prime factors of s.
2, 11
Suppose -5*a = -2*r - 